{"id":3,"date":"2020-10-02T07:30:23","date_gmt":"2020-10-02T07:30:23","guid":{"rendered":"https:\/\/iopf.lvps178-77-75-191.dedicated.hosteurope.de\/?page_id=3"},"modified":"2020-12-01T13:20:54","modified_gmt":"2020-12-01T13:20:54","slug":"privacy-policy","status":"publish","type":"page","link":"https:\/\/interoperabilitaetsforum.de\/index.php\/privacy-policy\/","title":{"rendered":"Impressum und Datenschutz"},"content":{"rendered":"\n<p>gem\u00e4\u00df \u00a7 6 Teledienstgesetz<\/p>\n\n\n\n<p>Betreiber:&nbsp;<a href=\"http:\/\/www.hl7.de\/\">HL7 Deutschland e.V.<\/a><\/p>\n\n\n\n<p>siehe&nbsp;<a href=\"http:\/\/hl7.de\/impressum\/\">Impressum<\/a>&nbsp;und&nbsp;<a href=\"http:\/\/hl7.de\/datenschutz\/\">Datenschutzerkl\u00e4rung<\/a><\/p>\n\n\n\n<p>Postanschrift:<br>Anna-Louisa-Karsch-Str. 2<br>10178 Berlin<\/p>\n\n\n\n<p>Tel.: 0700 7777 6767<br>Fax: 0700 7777 6761<\/p>\n","protected":false},"excerpt":{"rendered":"<p>gem\u00e4\u00df \u00a7 6 Teledienstgesetz Betreiber:&nbsp;HL7 Deutschland e.V. siehe&nbsp;Impressum&nbsp;und&nbsp;Datenschutzerkl\u00e4rung Postanschrift:Anna-Louisa-Karsch-Str. 210178 Berlin Tel.: 0700 7777 6767Fax: 0700 7777 6761<\/p>\n","protected":false},"author":1,"featured_media":0,"parent":0,"menu_order":0,"comment_status":"closed","ping_status":"open","template":"","meta":{"footnotes":""},"class_list":["post-3","page","type-page","status-publish","hentry"],"yoast_head":"<!-- This site is optimized with the Yoast SEO plugin v27.4 - https:\/\/yoast.com\/product\/yoast-seo-wordpress\/ -->\n<title>Impressum und Datenschutz - Das&nbsp;Interoperabilit\u00e4tsforum<\/title>\n<meta name=\"robots\" content=\"noindex, follow, max-snippet:-1, max-image-preview:large, max-video-preview:-1\" \/>\n<meta property=\"og:locale\" content=\"de_DE\" \/>\n<meta property=\"og:type\" content=\"article\" \/>\n<meta property=\"og:title\" content=\"Impressum und Datenschutz - Das&nbsp;Interoperabilit\u00e4tsforum\" \/>\n<meta property=\"og:description\" content=\"gem\u00e4\u00df \u00a7 6 Teledienstgesetz Betreiber:&nbsp;HL7 Deutschland e.V. siehe&nbsp;Impressum&nbsp;und&nbsp;Datenschutzerkl\u00e4rung Postanschrift:Anna-Louisa-Karsch-Str. 210178 Berlin Tel.: 0700 7777 6767Fax: 0700 7777 6761\" \/>\n<meta property=\"og:url\" content=\"https:\/\/interoperabilitaetsforum.de\/index.php\/privacy-policy\/\" \/>\n<meta property=\"og:site_name\" content=\"Das&nbsp;Interoperabilit\u00e4tsforum\" \/>\n<meta property=\"article:modified_time\" content=\"2020-12-01T13:20:54+00:00\" \/>\n<meta name=\"twitter:card\" content=\"summary_large_image\" \/>\n<script type=\"application\/ld+json\" class=\"yoast-schema-graph\">{\"@context\":\"https:\\\/\\\/schema.org\",\"@graph\":[{\"@type\":\"WebPage\",\"@id\":\"https:\\\/\\\/interoperabilitaetsforum.de\\\/index.php\\\/privacy-policy\\\/\",\"url\":\"https:\\\/\\\/interoperabilitaetsforum.de\\\/index.php\\\/privacy-policy\\\/\",\"name\":\"Impressum und Datenschutz - Das&nbsp;Interoperabilit\u00e4tsforum\",\"isPartOf\":{\"@id\":\"https:\\\/\\\/interoperabilitaetsforum.de\\\/#website\"},\"datePublished\":\"2020-10-02T07:30:23+00:00\",\"dateModified\":\"2020-12-01T13:20:54+00:00\",\"breadcrumb\":{\"@id\":\"https:\\\/\\\/interoperabilitaetsforum.de\\\/index.php\\\/privacy-policy\\\/#breadcrumb\"},\"inLanguage\":\"de\",\"potentialAction\":[{\"@type\":\"ReadAction\",\"target\":[\"https:\\\/\\\/interoperabilitaetsforum.de\\\/index.php\\\/privacy-policy\\\/\"]}]},{\"@type\":\"BreadcrumbList\",\"@id\":\"https:\\\/\\\/interoperabilitaetsforum.de\\\/index.php\\\/privacy-policy\\\/#breadcrumb\",\"itemListElement\":[{\"@type\":\"ListItem\",\"position\":1,\"name\":\"Home\",\"item\":\"https:\\\/\\\/interoperabilitaetsforum.de\\\/\"},{\"@type\":\"ListItem\",\"position\":2,\"name\":\"Impressum und Datenschutz\"}]},{\"@type\":\"WebSite\",\"@id\":\"https:\\\/\\\/interoperabilitaetsforum.de\\\/#website\",\"url\":\"https:\\\/\\\/interoperabilitaetsforum.de\\\/\",\"name\":\"Das&nbsp;Interoperabilit\u00e4tsforum\",\"description\":\"Willkommen beim Interoperabilit\u00e4tsforum\",\"potentialAction\":[{\"@type\":\"SearchAction\",\"target\":{\"@type\":\"EntryPoint\",\"urlTemplate\":\"https:\\\/\\\/interoperabilitaetsforum.de\\\/?s={search_term_string}\"},\"query-input\":{\"@type\":\"PropertyValueSpecification\",\"valueRequired\":true,\"valueName\":\"search_term_string\"}}],\"inLanguage\":\"de\"}]}<\/script>\n<!-- \/ Yoast SEO plugin. -->","yoast_head_json":{"title":"Impressum und Datenschutz - Das&nbsp;Interoperabilit\u00e4tsforum","robots":{"index":"noindex","follow":"follow","max-snippet":"max-snippet:-1","max-image-preview":"max-image-preview:large","max-video-preview":"max-video-preview:-1"},"og_locale":"de_DE","og_type":"article","og_title":"Impressum und Datenschutz - Das&nbsp;Interoperabilit\u00e4tsforum","og_description":"gem\u00e4\u00df \u00a7 6 Teledienstgesetz Betreiber:&nbsp;HL7 Deutschland e.V. siehe&nbsp;Impressum&nbsp;und&nbsp;Datenschutzerkl\u00e4rung Postanschrift:Anna-Louisa-Karsch-Str. 210178 Berlin Tel.: 0700 7777 6767Fax: 0700 7777 6761","og_url":"https:\/\/interoperabilitaetsforum.de\/index.php\/privacy-policy\/","og_site_name":"Das&nbsp;Interoperabilit\u00e4tsforum","article_modified_time":"2020-12-01T13:20:54+00:00","twitter_card":"summary_large_image","schema":{"@context":"https:\/\/schema.org","@graph":[{"@type":"WebPage","@id":"https:\/\/interoperabilitaetsforum.de\/index.php\/privacy-policy\/","url":"https:\/\/interoperabilitaetsforum.de\/index.php\/privacy-policy\/","name":"Impressum und Datenschutz - Das&nbsp;Interoperabilit\u00e4tsforum","isPartOf":{"@id":"https:\/\/interoperabilitaetsforum.de\/#website"},"datePublished":"2020-10-02T07:30:23+00:00","dateModified":"2020-12-01T13:20:54+00:00","breadcrumb":{"@id":"https:\/\/interoperabilitaetsforum.de\/index.php\/privacy-policy\/#breadcrumb"},"inLanguage":"de","potentialAction":[{"@type":"ReadAction","target":["https:\/\/interoperabilitaetsforum.de\/index.php\/privacy-policy\/"]}]},{"@type":"BreadcrumbList","@id":"https:\/\/interoperabilitaetsforum.de\/index.php\/privacy-policy\/#breadcrumb","itemListElement":[{"@type":"ListItem","position":1,"name":"Home","item":"https:\/\/interoperabilitaetsforum.de\/"},{"@type":"ListItem","position":2,"name":"Impressum und Datenschutz"}]},{"@type":"WebSite","@id":"https:\/\/interoperabilitaetsforum.de\/#website","url":"https:\/\/interoperabilitaetsforum.de\/","name":"Das&nbsp;Interoperabilit\u00e4tsforum","description":"Willkommen beim Interoperabilit\u00e4tsforum","potentialAction":[{"@type":"SearchAction","target":{"@type":"EntryPoint","urlTemplate":"https:\/\/interoperabilitaetsforum.de\/?s={search_term_string}"},"query-input":{"@type":"PropertyValueSpecification","valueRequired":true,"valueName":"search_term_string"}}],"inLanguage":"de"}]}},"_links":{"self":[{"href":"https:\/\/interoperabilitaetsforum.de\/index.php\/wp-json\/wp\/v2\/pages\/3","targetHints":{"allow":["GET"]}}],"collection":[{"href":"https:\/\/interoperabilitaetsforum.de\/index.php\/wp-json\/wp\/v2\/pages"}],"about":[{"href":"https:\/\/interoperabilitaetsforum.de\/index.php\/wp-json\/wp\/v2\/types\/page"}],"author":[{"embeddable":true,"href":"https:\/\/interoperabilitaetsforum.de\/index.php\/wp-json\/wp\/v2\/users\/1"}],"replies":[{"embeddable":true,"href":"https:\/\/interoperabilitaetsforum.de\/index.php\/wp-json\/wp\/v2\/comments?post=3"}],"version-history":[{"count":2,"href":"https:\/\/interoperabilitaetsforum.de\/index.php\/wp-json\/wp\/v2\/pages\/3\/revisions"}],"predecessor-version":[{"id":162,"href":"https:\/\/interoperabilitaetsforum.de\/index.php\/wp-json\/wp\/v2\/pages\/3\/revisions\/162"}],"wp:attachment":[{"href":"https:\/\/interoperabilitaetsforum.de\/index.php\/wp-json\/wp\/v2\/media?parent=3"}],"curies":[{"name":"wp","href":"https:\/\/api.w.org\/{rel}","templated":true}]}}